hat is the hundreds digit of u?
0
Suppose -15*f + 5*i = -16*f + 2445, -12248 = -5*f - 2*i. What is the thousands digit of f?
2
Let l(c) = -4*c + 8. Let h be l(2). Suppose -5*g - 4*z - 61 = h, -2*z + 22 = -2*g - 3*z. Let p(y) = y**2 + 5*y - 11. What is the units digit of p(g)?
5
Suppose -35*a + 30*a + 15 = 0, 0 = -4*w - 4*a + 912. What is the tens digit of w?
2
Let b be ((-29)/((-319)/7986))/(2/8). Suppose -8 = 2*c, 4*n + 4*c = 2*c + b. What is the hundreds digit of n?
7
Let r(b) = -253*b + 1208. What is the thousands digit of r(-21)?
6
Suppose 2*l + 2*c - 3206 = 0, -3*l - 18*c + 4814 = -14*c. Suppose 1593*u = l*u - 1095. What is the hundreds digit of u?
2
Suppose -66*k - 970886 = -157*k + 42*k. What is the thousands digit of k?
9
Suppose -43*y + 40*y - 77043 = -3*c, -3*y + 77007 = 3*c. What is the units digit of c?
5
Let y(a) = -15*a + 18. Let g be y(1). What is the units digit of (-379 + -5)/(-3) - 4 - g?
1
Let c be -1173 - (-3 + (-7 + 5)/2). Let y = c - -1728. What is the units digit of y?
9
Let p(h) = -h**2 - 3*h + 121. Let j be p(-28). What is the units digit of ((-100)/30 - -6)*j/(-4)?
6
Let m = 106 + -102. Suppose -112 = -m*d + 24. What is the tens digit of d?
3
Let g be 1/(-6) - (-9)/(108/5690). Suppose t - 1419 = -3*l - g, 3*l = 6. What is the tens digit of t?
3
Suppose 36*f - 98240 = 16*f. What is the tens digit of f?
1
Suppose 12*p - 11*p - 3 = 0. Suppose 3*x - 306 = 5*f + 427, p*f + 1243 = 5*x. What is the units digit of x?
1
Let j(v) = 57*v**2 + 11*v + 17. Let f be 0/2 - (-14)/(-7). What is the units digit of j(f)?
3
Let h(z) = -z**3 + 3*z**2 - z + 1. Let m be h(3). Let r = 2 + m. Suppose r*a + 3*a - 143 = 4*t, -2*a = 4*t - 122. What is the tens digit of a?
5
Suppose -5*a + 19173 = 3673. What is the units digit of a?
0
Let l(n) = -n**2 + 15*n - 19. Let i be l(14). Let a(v) = -5 + 5 - 7 - 11*v. What is the units digit of a(i)?
8
Let t = 4273 - 3973. Suppose 4*s - 7 + 27 = -5*r, 2*s + 10 = r. Suppose r = -2*j + 5*j - t. What is the units digit of j?
0
Let f(a) = -a**3 + a + 31. Let o be f(0). Let s = o + -31. Suppose -2*p = -0*c - 2*c + 54, s = -2*c + 5*p + 60. What is the units digit of c?
5
Let h = -69254 - -112595. What is the tens digit of h?
4
Suppose 35 - 35 = -13*c. Let q(t) be the third derivative of t**5/20 + 10*t**3/3 - t**2. What is the units digit of q(c)?
0
What is the tens digit of 5 + -2 + (7 - (-9 - 14333))?
5
Let h(y) = -5*y - 10. Suppose 2*a = 3*t + 15, -2*t - 3*a = -3 - 0. Let i be h(t). Suppose 216 - 41 = i*d. What is the units digit of d?
5
Suppose z - 4*i = 32, 0*z + 44 = 2*z - 3*i. Suppose -4*r + 2114 = m + 2*m, 1056 = 2*r + 2*m. Suppose -21*c + r = -z*c. What is the tens digit of c?
0
Suppose -24*j + 46704 = -8*j. Suppose 0 = -5*i + j + 141. What is the tens digit of i?
1
Suppose -299*s + 156 = -293*s. Suppose q - 4 = -0*q. Suppose -q*k = -38 - s. What is the tens digit of k?
1
What is the units digit of -6 - ((-21 - -13) + -4815)?
7
What is the thousands digit of (-320)/(-224) + 688760/28?
4
Let r(d) = 857*d - 1613. What is the tens digit of r(16)?
9
Let w = -332 - -668. Suppose -p = 4, w = 17*z - 13*z - 5*p. What is the tens digit of z?
7
Suppose 206*q = -208*q + 910386. What is the thousands digit of q?
2
Let o(a) = a**2 - 24*a + 1135. Let f be o(0). Suppose i = 5*s + 564, -3*s = 2*i - 4*i + f. What is the units digit of i?
9
Suppose 37 = -3*y - 185. Let w = -12 + y. Let k = w - -199. What is the units digit of k?
3
Let x(s) = -s**3 - s**2 + s. Let l be x(0). Suppose u + 4 = -l. What is the tens digit of 234*(u - 45/(-10))?
1
Let g be (-3)/6 - 99/(-6). Suppose g*q = 24*q - 9976. What is the hundreds digit of q?
2
Let n(f) be the third derivative of 25*f**4/12 - 307*f**3/6 - f**2 + 6. What is the tens digit of n(9)?
4
Let d(r) = -2*r**2 + 187*r - 700. What is the units digit of d(59)?
1
Suppose -4*g + 169 = -5*k, -g - 2*k - 3*k + 36 = 0. Let w = g + -20. Suppose 2*v - 45 = w. What is the units digit of v?
3
What is the hundreds digit of 12/20 - (-2188476)/740?
9
Suppose -4*m + 49 = 5*u, 4*u - 33 = 4*m + 35. Suppose -u = 4*x - 1. What is the units digit of (-2 - 8/x) + (-31)/(-3)?
1
Suppose -4*u - 2*u = -6. Let h(v) = 4*v. Let n be h(u). What is the tens digit of (-46)/(4 + (-18)/n)?
9
Let w be 56/(-98)*(-14)/4. Suppose 2*j + h = -3*h + 590, 5*j - 1535 = w*h. What is the tens digit of j?
0
Suppose -96*o = -103*o - 14042. Let j = o + 2839. What is the tens digit of j?
3
Suppose -8*d = -622 - 106. Suppose r = -a + 173, -4*r + a = -596 - d. What is the units digit of r?
2
Suppose -1210 = -8*m - 2*m. Suppose -1766 = -7*l - m. What is the tens digit of l?
3
Let h(k) = 2*k**2 - 5. Let m be h(2). Let p(d) = -5*d**2 - 7*d - 15 + 3*d**2 + 10 + m*d**2. What is the hundreds digit of p(-11)?
1
Let v(l) = -18*l - 85. Let a be v(6). Let x(f) = -2*f - 5. Let u be x(-4). What is the hundreds digit of 2 + (13 + u)/(-4) - a?
1
Let z(l) = -l**3 - 5*l**2 + 2*l + 9. Let g be z(-5). Let o be (-5)/15 - g/3. Let y(r) = -3*r + 39. What is the tens digit of y(o)?
3
Suppose -17*s + 3*k - 130 = -21*s, 0 = -5*k + 10. Suppose s*w = 35*w - 1148. What is the tens digit of w?
8
Let q be -2*1*(-1)/2. Suppose d - 6*x + x = 7, 0 = x + q. Suppose 52 = d*a - 66. What is the units digit of a?
9
Let k = -303 + 326. Suppose 73*w - k*w = 5400. What is the hundreds digit of w?
1
Let q(v) = -6*v**3 + 48*v**2 + 25*v - 46. What is the ten thousands digit of q(-13)?
2
Let k(g) = 663*g - 1986. What is the thousands digit of k(34)?
0
Let t be (-2 - 4/(-4))/(-1). Let s(l) = 94*l**2 - 3*l + 2. What is the tens digit of s(t)?
9
Let y = 326 - 319. What is the tens digit of y/4 - (-37973)/52?
3
Let r(d) = -6*d**2 + 2. Let b be r(2). Let i be (-4)/(5 - 4) - b. Suppose -i*u + 2*u = -640. What is the tens digit of u?
4
Suppose -3*i + 37074 = -x, i - 12326 = -3*x - 2*x. What is the hundreds digit of i?
3
Let p(o) = 54*o + 3*o**2 - 23*o - 16*o + 4. Let a be p(-6). Suppose -2*i - 5*m = -253, 263 = 2*i + m + a. What is the units digit of i?
9
Let a(i) = -3778*i - 4427. What is the tens digit of a(-17)?
9
Suppose 10*b + 5*b = 165. Let k be (-3 + (b - -1))*12/18. What is the hundreds digit of (-2)/(8/k)*(-346)/3?
1
Let y(d) = 1139*d**3 + 8*d**2 + 3*d + 22. What is the tens digit of y(3)?
5
Let j = 49 + 10. Let u = 68 - j. Suppose -u*s + 1350 + 405 = 0. What is the units digit of s?
5
Suppose 294*p + 329*p - 602634 = 576*p. What is the hundreds digit of p?
8
Suppose 14*v - 92 + 36 = 0. Let l(y) = 247*y - 187. What is the units digit of l(v)?
1
Let p be 864/88 - 7/((-77)/2). Suppose -p = a - 4*g, -3*g - 30 = 3*a + 2*g. What is the tens digit of a/(-4)*(-3706)/(-85)?
0
Let h be (-11)/(33/2034) + (3 - 4). Let d = 992 + h. What is the units digit of d?
3
Let z be (-28)/(-5)*(10 + -5). Suppose -2*i + 4*j = -6*i + 4, 0 = -3*i + 2*j + z. What is the tens digit of 3*1*93*4/i?
8
Suppose 4*w - 66908 = 22*f - 24*f, 2*w - 33448 = 2*f. What is the units digit of w?
6
Let m = -901 + 906. Suppose -49*g + 46*g - m*q + 3689 = 0, -4*g = 3*q - 4926. What is the units digit of g?
3
Let m(q) = q**3 + 6*q**2 + 4*q - 7. Let h be m(-5). Let n(o) = -22*o**3 - 4*o**2 - 3*o - 1. What is the hundreds digit of n(h)?
1
Let t = 1087 - 801. Suppose 3*h = -4*m + 2*h - 34, -h + 20 = -2*m. What is the tens digit of (20/90 - t/m) + -4?
2
Let k(c) = -5*c**3 + 5*c**2 + 16*c + 85. What is the units digit of k(-6)?
9
Let v(y) = 2*y + 23. Let r be v(-9). Let o be (-6)/15 + 68/r*-1. Let g = o + 26. What is the tens digit of g?
1
Suppose 0 = 3*b + 11*k - 26781, -25*b + 23*b + 5*k + 17780 = 0. What is the hundreds digit of b?
9
What is the hundreds digit of (0 - -856) + ((169/1)/(-13) - -11)?
8
Let l = 3278 + 3974. What is the tens digit of l?
5
Let a = -8 - -1222. Let g = -837 + a. What is the units digit of g?
7
Let k(l) = -l**2 + 1. Let v(q) = -q**3 - 5*q**2 - 9*q + 18. Let j(m) = -5*k(m) + v(m). Let z(d) = -17*d + 12. Let b be z(1). What is the hundreds digit of j(b)?
1
Suppose 653608 - 55928 = 12*t + 4*t. What is the ten thousands digit of t?
3
Let j = 27 - 25. Let q be ((-10)/j + 2)*-1. Suppose -15 = -2*d - q*d. What is the units digit of d?
3
Suppose g = 4*f + 767, 12*g = 11*g + 2*f + 771. Let r = g - 281. What is the hundreds digit of r?
4
Suppose -120*w + 104*w = -64. Suppose 4076 = w*l + 2*r, -3*l - 